 Suppose f + 0 = 3*p, 5*p = 3*w + 13. Calculate c(w).
1
Let z(s) = -91*s**2 + 13 + 176*s**2 - 84*s**2. Suppose p = -3*p + 3*y + 9, -5*p - 3*y - 9 = 0. What is z(p)?
13
Let d(s) = -s**2 + 17*s - 4. Let j be (75/100)/((-213)/(-204) - 1). Calculate d(j).
-4
Let a(h) = 3*h. Suppose r = 3*o + 35, -2*o - 150 = -4*r - 20. Let q be ((-6)/8)/(r/128). Give a(q).
-9
Let y(z) = 408*z - 63 - 192*z - 214*z. Calculate y(33).
3
Suppose 0 = -5*g - 4*g - 63. Let m be -9 - g - (2 - (4 - -1)). Let y(q) = -q - m + q + 3 - 8*q + q**2. Calculate y(8).
2
Let w(d) = d**3 - 8*d**2 + 3*d**2 + 10 + 3*d - 4*d. Let u be w(5). Suppose m + 4*a + 12 = 2, 14 = -u*m - 2*a. Let r(n) = n**2 + 5*n + 1. Determine r(m).
-5
Suppose 28*y - 13*y = -105. Let r(s) = 2*s**3 - 4*s**2 - 3*s**3 - 9*s - 3*s**2 + 7*s - 6. What is r(y)?
8
Let z be 874/69 - (-28)/(-42). Let l(s) = s**3 - 12*s**2 - 6*s + 51. Give l(z).
-21
Let i(a) = -248*a - 37. Let j(m) = -55*m - 9. Let s(t) = -2*i(t) + 9*j(t). What is s(4)?
-3
Let x(d) be the first derivative of d**3/3 + d**2 - 39*d - 470. Calculate x(5).
-4
Let a(l) be the third derivative of l**6/60 + l**5/5 - l**4/8 - 3*l**3 - 1474*l**2. What is a(-6)?
0
Let y(h) = -14*h + 18. Let n(p) = -10*p - 59. Let a be n(-6). Let q be y(a). Let k(o) = -8*o - 4. Determine k(q).
-36
Let p(q) = -q**2 + 71. Let i be p(-9). Let n(w) = -w**3 - 10*w**2 + 3*w + 35. Determine n(i).
5
Suppose 3*v + 30 = 3*b, -5*v + 128 = 2*b + 157. Let i(j) = 10*j + 33. Calculate i(v).
-37
Let u(n) = 24*n**3 + 7*n**2 + 6*n - 6. Let s(g) = 0 + 0*g + 4*g + 23*g**3 + g - 5 + 6*g**2. Let d(h) = 6*s(h) - 5*u(h). Let v = -1491 - -1490. Give d(v).
-17
Let i(o) = 1 - 15*o**2 + o**2 - 2*o + 10*o**2. Let n be (39/65)/(5*(-2)/50). Determine i(n).
-29
Let z(r) = -13*r**2 - 147*r + 1. Let s(u) = -15*u**2 - 165*u + 2. Let c(v) = -8*s(v) + 9*z(v). Determine c(4).
29
Let f(o) = -9*o**2 - 74*o - 16. Let a be f(-8). Suppose a = 4*s + k + 1, -s + 5*k = -0*k - 5. Let w(j) = -j**3 - j**2 + 17. Determine w(s).
17
Let r(v) = -v - 2. Let l(g) = -g + 1. Let q(z) = 2*l(z) - r(z). Let d = -1242 + 1246. What is q(d)?
0
Let x(t) = 15*t**2 - 3 - 7*t**2 - 3*t + 155*t**3 - 157*t**3 + 3. Calculate x(5).
-65
Let p(x) = 15*x**3 - 13*x**2 - 17*x + 12. Let j(a) = 47*a**3 - 41*a**2 - 52*a + 37. Let z(n) = -6*j(n) + 19*p(n). Determine z(3).
45
Let m be (-16)/(-6)*6/8. Let t(s) = 23*s + m - 52*s + 28*s. Calculate t(9).
-7
Let i = -2 - 5. Let c(l) be the third derivative of -l**4/24 - 5*l**3/6 - 5007*l**2. Determine c(i).
2
Let l(d) be the second derivative of -d**5/20 - d**4/3 + 2*d**3/3 + 3*d**2 - 34*d. Let j(i) = -2*i + 21. Let r be (-1)/3*(-78)/2. Let n be j(r). Determine l(n).
11
Let k(t) be the third derivative of 1/4*t**4 + 12*t**2 + 0*t + 1/60*t**5 + 0 - 5/3*t**3. Calculate k(-8).
6
Let f(h) = 543875*h - 543894*h + 32 - 145. Calculate f(-5).
-18
Suppose 4*j - 16 = 8*j. Let l(r) = 8 - 23 + 13 - 2*r. Calculate l(j).
6
Suppose -10 = 3*y + 5*m, 0*y - 5*m = 2*y + 10. Suppose -10 = -2*g - y. Let v(p) be the third derivative of -p**4/24 + p**3/6 - 17990*p**2. Give v(g).
-4
Suppose -2*g = 4*x + 2636 - 204, -2*x - 1216 = -2*g. Let d = 599 + x. Let j(a) = -3*a - 6. What is j(d)?
21
Let c(g) = 27*g + 2. Suppose 33*k - 20 - 52 = -6. Give c(k).
56
Let v be ((-1)/(-1))/((4/8)/(29/58)). Let r(y) = 41*y**3 + 1. Give r(v).
42
Let m(y) = -3 + 0*y**2 + 2 + 2*y**2 + 5*y. Suppose 18*d + 733 = -126*d + 157. Determine m(d).
11
Let l(z) = 48 + 16*z + 11*z + 9*z - 43*z + 4*z. Give l(8).
24
Suppose 0 = -2*n + 3*n + 2. Let x(k) be the second derivative of k**5/5 + k**4/4 + k**3/6 + k**2 - 4705*k. Determine x(n).
-20
Suppose 15*v - 1093 = 77. Let m(q) = 73*q - v*q - 7 + 3. Give m(-4).
16
Let v(t) be the first derivative of t**3/3 - t**2 - 79*t - 23. Let m(c) be the first derivative of v(c). Determine m(7).
12
Let p(i) = -i**2 - 8*i + 1. Suppose -170*a - 15 = -165*a, 0 = -3*u + 5*a - 3. What is p(u)?
13
Let p(t) = -2*t + 4*t**2 + 9 - 4*t**2 - 2*t**2 - 12. Suppose 5*c - 2*n - 3 = -22, 0 = 5*c + 2*n + 11. Calculate p(c).
-15
Let p = -16 + 21. Let t(w) be the third derivative of -2/3*w**3 + 1/6*w**4 + 5*w**2 + 0 + 0*w. What is t(p)?
16
Let y(i) = -i**3 + 4*i**2 + 12*i + 17. Let t(r) = -322*r + 1294. Let k be t(4). Determine y(k).
17
Let g(z) = -z - 9. Let h be g(-11). Suppose -2*s - 4*c + h = 6, -5*s + 2*c - 34 = 0. Let b(m) = -3*m + 0*m - 5*m**2 + 4*m**2 - 4 + 9. What is b(s)?
-13
Let y = -516 + 535. Suppose -u = -3*p + 7*p + 42, 4*u - y = p. Let j(l) = l**2 + 12*l + 10. Determine j(p).
-1
Let f(c) = 7*c**3 + c**2 + 10*c + 15. Let u(g) = -g**3 - g - 2. Let o(m) = f(m) + 6*u(m). Let y = -155 + 153. What is o(y)?
-9
Let p = -9487 + 9489. Let z(q) be the first derivative of 7 - q**3 - 1/4*q**4 + q**p - q. Calculate z(-3).
-7
Let k(b) = -4*b - 22. Let m be (-154)/16 - 17/(-1496)*-33. Give k(m).
18
Let p(n) = -n**3 - 2*n**2 - 86*n - 379. Let m be p(-4). Let o(k) = 2*k**3 + 5*k**2 - 5*k + 7. What is o(m)?
13
Let l(z) = -z**3 + 5*z**2 + 7*z. Suppose 5*s - 463 = -6*j + 9*j, -3*j + 181 = 2*s. Suppose 7*d - s = -50. Determine l(d).
6
Suppose 1 = -10*c + 21. Suppose 0 = -64*w + 63*w + 3. Suppose 0 = c*s - k - w, 4*s = 6*k - 7*k + 3. Let p(t) = -t**2 - t. Give p(s).
-2
Let k(w) = 4*w**2 - 2*w + 3. Suppose -6*a - 1959 = 807. Let r = 463 + a. Give k(r).
15
Let m be 4/(-6)*(-3 + 0). Let a(x) be the second derivative of -x**5/20 + x**3/3 - 3*x**2/2 - 72796*x. Calculate a(m).
-7
Let a(v) = 2*v + 1. Let q(k) = 12*k + 8. Let r(m) = -27*m - 16. Let d(n) = 5*q(n) + 2*r(n). Let i be d(-2). Calculate a(i).
-7
Suppose 9*y = 5*y + 12. Let t(j) = 90*j + 14. Let b(i) = 98*i + 16. Let u(z) = -10*b(z) + 11*t(z). Give u(y).
24
Let g(s) = 37*s**2 - 3*s + 3. Let u(a) = -196*a**2 + 16*a - 16. Let d(y) = -16*g(y) - 3*u(y). Suppose x + 21 = 5*w - 3*x, 5*x + 19 = -w. What is d(w)?
-4
Let m(g) be the third derivative of 13*g**4/24 + 142*g**3/3 - 5560*g**2. Determine m(-22).
-2
Let d = -176 + 196. Let l be -3*4/(-60) - 84/d. Let n(w) = -2*w**3 - 9*w**2 - 6*w - 3. Calculate n(l).
5
Let x(v) = v**3 + 6*v**2 - 5*v - 1. Suppose 2*a + 1951 - 1939 = 0. Calculate x(a).
29
Suppose -11 - 7 = 3*t. Let q(k) be the second derivative of 0 - 1/20*k**5 - 5/12*k**4 - 103*k + 0*k**2 + k**3. Give q(t).
0
Let j(w) be the third derivative of w**4/24 - w**3 + 5*w**2. Let a = -1436 - -1442. Determine j(a).
0
Let y(o) be the second derivative of 5*o**3/6 - 72*o**2 - 6080*o. Calculate y(31).
11
Let p(a) be the second derivative of a**4/12 - 7*a**3/6 - a**2/2 - 5*a. Let t = -6 - -23. Suppose 2*y - 5*r = 24, 0*y + 5*r + t = y. What is p(y)?
-1
Let t(w) be the first derivative of -3*w**2 - 2*w + 4. Suppose -5*k = -v + 185, -5*v = -3*k + k - 1017. Let z = v + -207. Give t(z).
10
Let s(w) = -12*w**2 - 22 - 30*w**2 + 20*w + 43*w**2 - 20*w. Give s(7).
27
Let a(h) = -6*h - 3. Let n be a(-2). Let j(u) = -3*u**2 + 19*u + 8. Let r = 78 - 70. Let c(b) = b**2 - 6*b - 3. Let w(i) = r*c(i) + 3*j(i). Give w(n).
0
Let r = 12 + -5. Let i(x) = -2*x - 18. Let k be i(-10). Let t(m) = -11 - m + 4 + k. Calculate t(r).
-12
Suppose -2 + 8 = -2*q. Let d = 11 + q. Suppose d*y = 5*y - 3. Let a(l) = l**3 + l**2 + 2*l + 1. Calculate a(y).
-1
Let d(j) = -8*j**3 + 3*j - 3*j + 1 - 2*j**2. Let i be 6*-3*(-16)/36. Suppose i*f + 0*f = 8. Calculate d(f).
-9
Suppose -1 = -8*c + 39. Suppose -c = 18*d - 19*d. Let g(k) = -k**2 + 16 - 2*k**2 + k + 2*k**2 - d. What is g(0)?
11
Let f(w) be the third derivative of 1/24*w**4 + 0*w + 1/120*w**6 - 41*w**2 + 3 - 1/3*w**3 - 1/20*w**5. What is f(4)?
18
Let j(h) = -h - 1. Let n = 47 - 45. Suppose -3*m + x + x + 16 = 0, 4*x + 24 = n*m. Calculate j(m).
-3
Suppose x - 2*f + 5 = -0*f, -f - 2 = 4*x. Let v be 3/(-12) + x - 11/(-44). Let h(p) = -6*p**2 + p. Give h(v).
-7
Let z be (-10*(-5)/(100/(-5)))/(2/(-4)). Let r(b) be the third derivative of b**4/6 - b**3/2 - 2*b**2. Give r(z).
17
Let p(o) = -5*o**2 + 108 - 100 + 3*o**2. Give p(6).
-64
Let c(y) = 22*y**3 - 2*y**2 - 2*y + 4. Let v = -19940 + 19942. Calculate c(v).
168
Let g(x) = -1 + 0*x - 11*x + 4 + 0 + 40*x. What is g(1)?
32
Let f(t) = 9*t**2 + 46*t + 4. Let w = -5815 - -5810. Calculate f(w).
-1
Let m(q) be the second derivative of -q**3/3 - q**2 + 3*q. Let a = 313 - 214. Let c = a + -102. Determine m(c).
4
Let z(x) = -7*x**3 + 2*x**2 - 9*x - 43. Let u(d) = 3*d**3 